-u**3 + 5*u**2 + 11*u + 10. Let i be x(7). Let f = i - -538. What is the units digit of f?
7
Suppose 0 = 3*t - 2*q - 5, -28*t + 4*q + 7 = -23*t. What is the units digit of (98/4 + 1)*(15 + t)?
9
Let n(i) = i**2 + 8*i - 6. Let b be 12/(-15)*(-45)/6. Let w be n(b). Suppose -3*o = -m + w, -2*m = 2*m - 3*o - 267. What is the units digit of m?
3
Let i = -6268 + 17850. What is the tens digit of i?
8
Let k = 99485 + -38004. What is the thousands digit of k?
1
Let n = -99 + 111. Let i(u) = u**3 - 13*u**2 + 22*u - 26. What is the tens digit of i(n)?
9
Suppose 297*t = 294*t + 12. Suppose -2*i - 3*i - 5 = 0, -t*m + 3466 = -2*i. What is the tens digit of m?
6
Let r = -244 + -102. Let a = r - -782. Suppose 3*l = q - 247, -4*q = 3*l - a - 522. What is the units digit of q?
1
Let z = -9661 - -9665. Let f(j) = j + 1. Let b be f(4). Suppose -b*y = -z*v - 753, 31 - 187 = -y - v. What is the hundreds digit of y?
1
Suppose -9*r + 26*r + 272 = 0. Let j be (-2 + (-14)/(-6))/(r/(-384)). Suppose n = u - 56, 0 = 3*u + j*n - 5*n - 156. What is the tens digit of u?
5
Let y be 8/6*(-128394)/(-28). Suppose -42 = 8*k - y. What is the tens digit of k?
5
Suppose -5*y - 28417 = -3*d, -4*d + 4*y - 9478 = -5*d. What is the hundreds digit of d?
4
Let s(p) = -4*p - 21. Let j = -34 - -24. Let g be s(j). Suppose 22*v - g*v = 12. What is the units digit of v?
4
Suppose 2*r + r = 1245. Suppose -4*x - r = 5*u, -4*x - 3*u + u - 406 = 0. Let l = x + 270. What is the hundreds digit of l?
1
Suppose -3*n + 4*h = -22973, 16*h - 15*h = -3*n + 22963. What is the thousands digit of n?
7
What is the tens digit of (-3)/(-27) + 434288/144?
1
Let u be (-780)/(2*(-3)/30). Let d be u/16 - (36/(-16) + 2). Let z = -136 + d. What is the tens digit of z?
0
Suppose 0 = -r - 3*h - 45, 0*r = -r - h - 35. Let q = -31 - r. Let m = 12 - q. What is the units digit of m?
3
Let g(t) = -3*t**2 + 384*t**3 - 29*t**3 - 691*t**3. Let m be g(-1). Let b = m + -213. What is the units digit of b?
0
What is the hundreds digit of (13 - 2871/(-55))/(1/45)?
9
Let m(k) = 9*k**2 + 2*k - 2. Let y be m(-2). Let i be (-3 + y)/(2/6). Let g = i + -29. What is the units digit of g?
2
What is the hundreds digit of (0 - (-3 - -7862))*(16/4 + -5)?
8
Let d be (1132/(-16) + 5)*8. Let k = d - -793. What is the units digit of k?
7
Let r(u) = u + 4. Let v be r(1). Suppose -3*n = d - 921, 1877 - 362 = 5*n - v*d. Let h = n - 160. What is the tens digit of h?
4
Let w = -9057 - -14631. What is the units digit of w?
4
What is the thousands digit of 16/(-14)*(-109859414)/1576?
9
What is the tens digit of -17 + (12 - (-17779 - -4))?
7
Suppose 0 = 250*j - 2348801 + 970287 - 3163736. What is the ten thousands digit of j?
1
Suppose -k = -9*k + 8. Suppose 4*g + 3 = -2*d + k, 2*g + 4 = 0. What is the units digit of (-2)/d - 13470/(-90)?
9
Suppose -57569 = -4*l - 5*k, 27*l + 3*k = 23*l + 57575. What is the ten thousands digit of l?
1
Suppose 4 = 2*f + 2*o, 0*o = f - 2*o - 17. What is the thousands digit of f*(5344/28 + 2)?
1
Suppose t = -5*z + 29 - 13, 0 = 4*z + 3*t - 4. Suppose -2*x = -3*l + 519 + 547, 1418 = z*l - 2*x. What is the tens digit of l?
5
Let v(x) = 12*x + 7*x**2 + 4*x + 0 + x**3 - 3 - 2*x**3. Let f be v(9). What is the tens digit of 14/f + ((-370)/(-3))/2?
6
What is the units digit of (3 + -153953)/5*8/(-40)?
8
Let r = 0 - 0. Suppose 2898 = 346*s - 325*s. Suppose r*b + b = s. What is the units digit of b?
8
Let s(l) = -l**3 + 49*l**2 + 52*l - 47. Let p be s(50). Suppose p*b - 5593 = 36*b. What is the hundreds digit of b?
3
Let r(s) = -235*s - 1581. What is the units digit of r(-51)?
4
Let u be -3 - ((-4)/(-14) - 561/(-21)). What is the tens digit of 238/3 + 10/u?
7
Let b(o) = -3*o**3 + 151*o**2 + 9*o + 655. What is the tens digit of b(49)?
0
What is the ten thousands digit of 333/444 + (-589492)/(-16)?
3
What is the hundreds digit of -3 + 200/80 + ((-4479)/(-2) - -1)?
2
Let r = -144 + 146. Suppose -6*p - 5104 = r*p. What is the hundreds digit of 5/(-15) - p/6?
1
Suppose -8*g - 65 = -13*g. Suppose -7*i + g*i = 30. Suppose 3*t - 2*w - 319 = 0, -4*t + i*w - 95 = -5*t. What is the tens digit of t?
0
Let c(f) = 169*f**2 + 4*f - 6. Let x(p) = 4*p**2 - 43*p + 32. Let s be x(10). What is the units digit of c(s)?
8
Let m(a) = -1289*a - 623. What is the units digit of m(-22)?
5
Let p(h) = -h**2 - 8*h - 9. Let i be p(-2). Suppose i*d + 4668 = 5*s - 0*d, -3*s + 5*d = -2804. What is the hundreds digit of s?
9
Let n = 24527 - 19730. What is the tens digit of n?
9
Suppose 10*i = 15*i - 10. Suppose i*n - 5 - 1 = 0. What is the tens digit of (-1)/3 - (-1)/(n/220)?
7
Let r = -55 - -99. Suppose 0 = -4*h + r - 16. Suppose 5*d + 2*j - 575 = h*j, 0 = 2*j - 4. What is the hundreds digit of d?
1
Suppose 2445 = -5*j - 3*l, 3*j + 957 + 504 = -3*l. Let w = 878 + j. What is the units digit of w?
6
Let m(n) = -n**3 - 8*n**2 + 7*n - 15. Let b be m(-9). Suppose 2*d + 3*q - 94 = 0, 206 = 3*d + d - b*q. What is the tens digit of d?
5
Let o(g) = -8*g**3 - 18*g**2 - 53*g + 9. What is the units digit of o(-9)?
0
Let s = -4842 - -5946. What is the hundreds digit of s?
1
What is the units digit of (-5233 - -1)/((-56)/140)?
0
Suppose 3*f = -2*a + 288 + 11754, 12057 = 3*f - 3*a. What is the thousands digit of f?
4
Let d(a) = 24*a**2 + 91*a + 980. What is the tens digit of d(-40)?
4
Suppose -111470 + 33589 = -9*k - 10*k. What is the thousands digit of k?
4
Suppose -4*z + 4 + 1 = h, 0 = -4*h + 2*z + 110. Let l be (57/95)/((2 - 1)/h). Suppose 2*m - 5*v - 501 = -90, 0 = 3*v - l. What is the tens digit of m?
1
Let u = 5424 - -9041. What is the units digit of u?
5
Suppose -266*n + 95*n + 512487 = 0. What is the hundreds digit of n?
9
Let p = 14117 + -5667. What is the tens digit of p?
5
Let w = 47 - 47. Suppose -4*s + s + 684 = w. Suppose -30*j - s = -34*j. What is the units digit of j?
7
Suppose 56*s - 53*s = 18. Let c(p) = 28*p - 6. What is the tens digit of c(s)?
6
Suppose 930*n - 953*n + 83053 = 0. What is the thousands digit of n?
3
Let d(r) = 4*r**2 + 21*r + 85. Let t(h) = -h**2 - 18*h - 92. Let f be t(-12). What is the tens digit of d(f)?
6
Let n(l) = 5*l**2 - 89*l + 481. What is the units digit of n(5)?
1
Suppose 3*j - 2150 = -5*k - 2*j, 5*k = 3*j + 2182. Suppose 343 + 310 = 3*n - h, h + k = 2*n. What is the units digit of n?
9
Let a(b) = 17*b**3 - 15*b**2 - b + 5. Let l be a(-4). Let d = l + 2826. What is the tens digit of d?
0
Let c = 459 - 652. What is the units digit of (c/(-4))/(19/(-4) + 5)?
3
Suppose -5*u - f + 6296 = 0, -135*u - 5*f = -139*u + 5002. What is the tens digit of u?
5
Let m(u) = -10*u - 25. Let x be m(-4). Let g(b) = b**3 - 13*b**2 - 10*b - 5. What is the tens digit of g(x)?
9
Suppose 0 = -18*p + 29*p - 248392 - 4685. What is the hundreds digit of p?
0
Let z(u) = -u**3 - 16*u**2 + 16*u - 29. Let m be z(-17). Let a(i) = 4*i**2 + 25*i + 47. What is the hundreds digit of a(m)?
3
Let b(t) be the third derivative of t**4/24 - t**3/2 - 14*t**2. Let u be b(8). Suppose -h + 248 = u*q, 3*h - 27 = -q + 17. What is the tens digit of q?
5
Let w = -27 - -18. Let c(m) = 12 + 18 - 11 - m**2 - 6*m - 5*m + 3. What is the units digit of c(w)?
0
Suppose 1202 - 98 = 8*k. Let f be 865/15 - 2/(-6). Let s = k - f. What is the tens digit of s?
8
What is the hundreds digit of 10 + 18696/(104/13)?
3
Suppose -2*l - 17 = -5*b, b + 3*l + 1 = 18. Suppose 0 = -4*q - 2*u + 950 + 366, b*q + 3*u = 1644. What is the tens digit of q?
3
Let d(n) = n**2 + 16*n + 60. Let c be d(-11). Suppose -3*g + 935 = -2*r, -34*r - 1561 = -c*g - 32*r. What is the hundreds digit of g?
3
Let b = -108406 + 156386. What is the ten thousands digit of b?
4
Let i(c) = -c**2 + c + 127. Let a be i(0). Let f = -112 + 114. Suppose 4*r + 56 = -l + 2*l, f*l - a = 5*r. What is the tens digit of l?
7
Let r be (-180)/(-5)*(-2 - 15/(-12)). What is the units digit of (-15)/(-9) + (-16317)/r?
6
Suppose 4*g + 80067 = m, 9*g = 14*m + 14*g - 1120572. What is the thousands digit of m?
0
Suppose 2*t - 2*w + 22 = 0, -t - w + 6*w - 23 = 0. Let u be (t/(-6))/(8/132). Suppose -6*n + u = -572. What is the units digit of n?
9
Suppose 236 = v - 3*o, 2 = -8*o + 10*o. What is the units digit of v?
9
Let u be -3 + (2 - 0) + 136. Suppose 0*f - 9*f - u = 0. What is the tens digit of (-504)/f*50/15?
1
Let f be (-3)/6 - ((-5880)/16 + -2). Su